{"id":6993,"date":"2022-04-13T23:07:19","date_gmt":"2022-04-13T21:07:19","guid":{"rendered":"https:\/\/www.adp.fdv.uni-lj.si\/blog\/?page_id=6993"},"modified":"2022-04-21T15:47:01","modified_gmt":"2022-04-21T13:47:01","slug":"home","status":"publish","type":"page","link":"https:\/\/www.adp.fdv.uni-lj.si\/blog\/","title":{"rendered":""},"content":{"rendered":"\n<div id=\"block-473a66-6a51-4c\" class=\"wp-block-gutenbee-container block-473a66-6a51-4c\"><div class=\"wp-block-gutenbee-container-inner\"><div class=\"wp-block-gutenbee-container-row wp-block-gutenbee-container-lg\">\n<div class=\"wp-block-gutenbee-column block-a7549c-d6cf-47\"><style>.wp-block-gutenbee-column.block-a7549c-d6cf-47 .wp-block-gutenbee-column-content { margin-right: 40px;  margin-left: 40px; padding: 15px 15px 15px 15px; }\n.wp-block-gutenbee-column.block-a7549c-d6cf-47 { flex-basis: [object Object]%; }\n\n\n      @media (max-width: 991px) {\n        .wp-block-gutenbee-column.block-a7549c-d6cf-47 .wp-block-gutenbee-column-content { margin-right: 15px;  margin-left: 15px; }\n      }\n    \n\n      @media (max-width: 575px) {\n        .wp-block-gutenbee-column.block-a7549c-d6cf-47 .wp-block-gutenbee-column-content { margin: 0px 15px 0px 15px; }\n      }<\/style><div class=\"wp-block-gutenbee-column-content\" style=\"background-color:rgba(0, 0, 0, 0.03);border-radius:0px;box-shadow:0px 0px 7px 0px  rgba(0,0,0,0.5)\"><div\n\t\t\t\tid=\"block-f72492-9640-47\"\n\t\t\t\tclass=\"wp-block-gutenbee-post-types block-f72492-9640-47 is-style-default\"\n\t\t\t\t\t\t\t><div class=\"row row-items row-columns-1\">\t\t\t\t<div class=\"izpostavljeno term-248 col-12\">\n<article id=\"entry-7659\" class=\"entry-item entry-item-media post-7659 post type-post status-publish format-standard has-post-thumbnail hentry category-izpostavljeno\">\n\t\t<figure class=\"entry-thumb\">\n\t\t<a href=\"https:\/\/www.adp.fdv.uni-lj.si\/blog\/2026\/02\/10\/nacrt-ravnanja-z-raziskovalnimi-podatki\/\">\n\t\t\t<img loading=\"lazy\" decoding=\"async\" width=\"672\" height=\"585\" src=\"https:\/\/www.adp.fdv.uni-lj.si\/blog\/wp-content\/uploads\/2026\/02\/nrrp_1.png\" class=\"attachment-large size-large wp-post-image\" alt=\"Na\u010drt ravnanja z raziskovalnimi podatki\" srcset=\"https:\/\/www.adp.fdv.uni-lj.si\/blog\/wp-content\/uploads\/2026\/02\/nrrp_1.png 672w, https:\/\/www.adp.fdv.uni-lj.si\/blog\/wp-content\/uploads\/2026\/02\/nrrp_1-300x261.png 300w\" sizes=\"auto, (max-width: 672px) 100vw, 672px\" \/>\t\t<\/a>\n\t<\/figure>\n\t\n\t<div class=\"entry-item-content\">\n\t\t<header class=\"entry-header\"><div class=\"entry-meta-top\"><div class=\"entry-meta-top-wrap\" style=\"\">\t\t\t<span class=\"entry-meta-category\">\n\t\t\t\t<span><a href=\"https:\/\/www.adp.fdv.uni-lj.si\/blog\/category\/izpostavljeno\/\">IZPOSTAVLJENO<\/a><\/span>\n\t\t\t<\/span>\n\t\t\t\t\t<time class=\"entry-time\" datetime=\"2026-02-10T15:46:11+01:00\">\n\t\t\t10. februarja, 2026\t\t<\/time>\n\t\t<\/div><\/div><h2 class=\"entry-title\"><a href=\"https:\/\/www.adp.fdv.uni-lj.si\/blog\/2026\/02\/10\/nacrt-ravnanja-z-raziskovalnimi-podatki\/\">Na\u010drt ravnanja z raziskovalnimi podatki brez stresa: ne le obveznost, ampak orodje za bolj\u0161o raziskavo\u00a0<\/a><\/h2>\t\t<div class=\"entry-author\">\n\t\t\t<span class=\"entry-author-by\"> <span class=\"entry-author-name\"><a href=\"https:\/\/www.adp.fdv.uni-lj.si\/blog\/author\/admin\/\">admin<\/a><\/span><\/span>\t\t<\/div>\n\t\t<\/header>\n\t\t<div class=\"entry-item-excerpt\">\n\t\t\t<p>Na\u010drt ravnanja z raziskovalnimi podatki (NRRP)\u00a0je danes nepogre\u0161ljiv del raziskovalnega procesa za vse\u00a0raziskave, financirane iz javnih sredstev v Sloveniji in Evropski uniji. \u010ceprav je NRRP pogosto razumljen kot administrativna obveznost, gre v resnici za pomembno orodje, ki prispeva k vi\u0161ji kakovosti raziskave, bolj\u0161i organizaciji podatkov ter uresni\u010devanju na\u010del odprte znanosti.\u00a0<\/p>\n\t\t<\/div>\n\t<\/div>\n<\/article>\n\n<\/div><\/div><\/div><\/div><\/div>\n<\/div><\/div><div class=\"wp-block-gutenbee-container-background\" data-parallax-speed=\"0.3\"><\/div><\/div>\n\n\n\n<div id=\"block-198d59-fc32-4e\" class=\"wp-block-gutenbee-divider block-198d59-fc32-4e align-center\" style=\"height:10px\"><style>.wp-block-gutenbee-divider.block-198d59-fc32-4e { padding-right: 15px;  padding-left: 15px; }\n\n\n      @media (max-width: 991px) {\n        .wp-block-gutenbee-divider.block-198d59-fc32-4e { padding-right: 0px;  padding-left: 0px; }\n      }\n    \n\n      @media (max-width: 575px) {\n        .wp-block-gutenbee-divider.block-198d59-fc32-4e { margin-right: 0px;  margin-left: 0px; padding-right: 0px;  padding-left: 0px; }\n      }<\/style><div class=\"wp-block-gutenbee-divider-inner\" style=\"border-top-style:solid;border-top-width:2px;border-top-color:#ebebeb;width:100%\"><\/div><\/div>\n\n\n\n<div class=\"wp-block-columns is-layout-flex wp-container-core-columns-is-layout-9d6595d7 wp-block-columns-is-layout-flex\">\n<div class=\"wp-block-column is-layout-flow wp-block-column-is-layout-flow\" style=\"flex-basis:100%\">\n<div class=\"wp-block-columns noimg #noimg is-layout-flex wp-container-core-columns-is-layout-9d6595d7 wp-block-columns-is-layout-flex\">\n<div class=\"wp-block-column is-layout-flow wp-block-column-is-layout-flow\"><div\n\t\t\t\tid=\"block-2ffe8a-e3b2-46\"\n\t\t\t\tclass=\"wp-block-gutenbee-post-types block-2ffe8a-e3b2-46 noimg\"\n\t\t\t\t\t\t\t><div class=\"row row-items row-columns-1\">\t\t\t\t<div class=\"usposabljanje term-150 col-12\">\n<article id=\"entry-7643\" class=\"entry-item entry-item-media post-7643 post type-post status-publish format-standard hentry category-usposabljanje tag-odprta-znanost tag-odprti-podatki tag-zaloznistvo\">\n\t\n\t<div class=\"entry-item-content\">\n\t\t<header class=\"entry-header\"><div class=\"entry-meta-top\"><div class=\"entry-meta-top-wrap\" style=\"\">\t\t\t<span class=\"entry-meta-category\">\n\t\t\t\t<span><a href=\"https:\/\/www.adp.fdv.uni-lj.si\/blog\/category\/usposabljanje\/\">Ravnanje s podatki<\/a><\/span>\n\t\t\t<\/span>\n\t\t\t\t\t<time class=\"entry-time\" datetime=\"2026-01-15T15:41:04+01:00\">\n\t\t\t15. januarja, 2026\t\t<\/time>\n\t\t<\/div><\/div><h2 class=\"entry-title\"><a href=\"https:\/\/www.adp.fdv.uni-lj.si\/blog\/2026\/01\/15\/raziskovalni-podatki-v-znanstvenem-zaloznistvu-izkusnja-podatkovne-urednice-pri-acta-agriculturae-slovenica\/\">Raziskovalni podatki v znanstvenem zalo\u017eni\u0161tvu: izku\u0161nja podatkovne urednice pri Acta Agriculturae Slovenica<\/a><\/h2>\t\t<div class=\"entry-author\">\n\t\t\t<span class=\"entry-author-by\"> <span class=\"entry-author-name\"><a href=\"https:\/\/www.adp.fdv.uni-lj.si\/blog\/author\/anai\/\">anai<\/a><\/span><\/span>\t\t<\/div>\n\t\t<\/header>\n\t\t<div class=\"entry-item-excerpt\">\n\t\t\t<p>Pi\u0161e: dr. Tina Zorman, Biotehni\u0161ka fakulteta, Univerza v Ljubljani Slovensko vozli\u0161\u010de RDA (Research Data Alliance) se aktivno vklju\u010duje v vzpostavljanje standardov za ravnanje z raziskovalnimi podatki v znanstvenih revijah, pripravo navodil za avtorje ter oblikovanje [&hellip;]<\/p>\n\t\t<\/div>\n\t<\/div>\n<\/article>\n\n<\/div><\/div><\/div><\/div>\n\n\n\n<div class=\"wp-block-column is-layout-flow wp-block-column-is-layout-flow\"><div\n\t\t\t\tid=\"block-5f776e-6e4f-42\"\n\t\t\t\tclass=\"wp-block-gutenbee-post-types block-5f776e-6e4f-42 img {display:none};\"\n\t\t\t\t\t\t\t><div class=\"row row-items row-columns-1\">\t\t\t\t<div class=\"uporabnik term-136 col-12\">\n<article id=\"entry-7426\" class=\"entry-item entry-item-media post-7426 post type-post status-publish format-standard has-post-thumbnail hentry category-uporabnik tag-podatkiadp tag-podatki tag-raziskavaadp\">\n\t\t<figure class=\"entry-thumb\">\n\t\t<a href=\"https:\/\/www.adp.fdv.uni-lj.si\/blog\/2024\/07\/09\/druzbena-integracija-ukrajinskih-beguncev\/\">\n\t\t\t<img loading=\"lazy\" decoding=\"async\" width=\"150\" height=\"150\" src=\"https:\/\/www.adp.fdv.uni-lj.si\/blog\/wp-content\/uploads\/2024\/07\/graf1-150x150.png\" class=\"attachment-thumbnail size-thumbnail wp-post-image\" alt=\"ukrajinski begunci\" srcset=\"https:\/\/www.adp.fdv.uni-lj.si\/blog\/wp-content\/uploads\/2024\/07\/graf1-150x150.png 150w, https:\/\/www.adp.fdv.uni-lj.si\/blog\/wp-content\/uploads\/2024\/07\/graf1-510x510.png 510w, https:\/\/www.adp.fdv.uni-lj.si\/blog\/wp-content\/uploads\/2024\/07\/graf1-160x160.png 160w\" sizes=\"auto, (max-width: 150px) 100vw, 150px\" \/>\t\t<\/a>\n\t<\/figure>\n\t\n\t<div class=\"entry-item-content\">\n\t\t<header class=\"entry-header\"><div class=\"entry-meta-top\"><div class=\"entry-meta-top-wrap\" style=\"\">\t\t\t<span class=\"entry-meta-category\">\n\t\t\t\t<span><a href=\"https:\/\/www.adp.fdv.uni-lj.si\/blog\/category\/uporabnik\/\">Raziskave iz ADP<\/a><\/span>\n\t\t\t<\/span>\n\t\t\t\t\t<time class=\"entry-time\" datetime=\"2024-07-09T11:43:16+02:00\">\n\t\t\t9. julija, 2024\t\t<\/time>\n\t\t<\/div><\/div><h2 class=\"entry-title\"><a href=\"https:\/\/www.adp.fdv.uni-lj.si\/blog\/2024\/07\/09\/druzbena-integracija-ukrajinskih-beguncev\/\">Dru\u017ebena integracija ukrajinskih beguncev v Sloveniji<\/a><\/h2>\t\t<div class=\"entry-author\">\n\t\t\t<span class=\"entry-author-by\"> <span class=\"entry-author-name\"><a href=\"https:\/\/www.adp.fdv.uni-lj.si\/blog\/author\/admin\/\">admin<\/a><\/span><\/span>\t\t<\/div>\n\t\t<\/header>\n\t\t<div class=\"entry-item-excerpt\">\n\t\t\t<p>Od za\u010detka vojne v Ukrajini februarja 2022 je v Slovenijo prispelo ve\u010d kot 8500 beguncev. Fakulteta za dru\u017ebene vede je izvedla raziskavo o njihovi integraciji v slovensko dru\u017ebo, osredoto\u010dajo\u010d se na migracijske poti, pretrgane vezi ter vklju\u010devanje v novo okolje. Spletna anketa, izvedena med januarjem in aprilom 2023, je zbrala podatke o njihovih izku\u0161njah in potrebah. Rezultati raziskave, dostopni v Arhivu dru\u017eboslovnih podatkov, omogo\u010dajo vpogled v izku\u0161nje in potrebe ukrajinskih beguncev ter pomagajo pri ukrepih javnih politik.<\/p>\n\t\t<\/div>\n\t<\/div>\n<\/article>\n\n<\/div><\/div><\/div><\/div>\n\n\n\n<div class=\"wp-block-column is-layout-flow wp-block-column-is-layout-flow\"><div\n\t\t\t\tid=\"block-943d59-2164-42\"\n\t\t\t\tclass=\"wp-block-gutenbee-post-types block-943d59-2164-42 noimg\"\n\t\t\t\t\t\t\t><div class=\"row row-items row-columns-1\">\t\t\t\t<div class=\"blog stroka term-15 term-192 col-12\">\n<article id=\"entry-7653\" class=\"entry-item entry-item-media post-7653 post type-post status-publish format-standard has-post-thumbnail hentry category-blog category-stroka tag-coretrustseal tag-odprti-dostop tag-odprti-podatki tag-zaupanja-vredni-repozitoriji\">\n\t\t<figure class=\"entry-thumb\">\n\t\t<a href=\"https:\/\/www.adp.fdv.uni-lj.si\/blog\/2026\/02\/05\/zaupanja-vreden-repozitorij-znak-kakovosti-podatkovne-objave\/\">\n\t\t\t<img loading=\"lazy\" decoding=\"async\" width=\"150\" height=\"150\" src=\"https:\/\/www.adp.fdv.uni-lj.si\/blog\/wp-content\/uploads\/2026\/02\/CoreTrustSealTransparent-150x150.png\" class=\"attachment-thumbnail size-thumbnail wp-post-image\" alt=\"zaupanja vreden repozitorij\" srcset=\"https:\/\/www.adp.fdv.uni-lj.si\/blog\/wp-content\/uploads\/2026\/02\/CoreTrustSealTransparent-150x150.png 150w, https:\/\/www.adp.fdv.uni-lj.si\/blog\/wp-content\/uploads\/2026\/02\/CoreTrustSealTransparent-160x160.png 160w\" sizes=\"auto, (max-width: 150px) 100vw, 150px\" \/>\t\t<\/a>\n\t<\/figure>\n\t\n\t<div class=\"entry-item-content\">\n\t\t<header class=\"entry-header\"><div class=\"entry-meta-top\"><div class=\"entry-meta-top-wrap\" style=\"\">\t\t\t<span class=\"entry-meta-category\">\n\t\t\t\t<span><a href=\"https:\/\/www.adp.fdv.uni-lj.si\/blog\/category\/blog\/\">blog<\/a><\/span>\n\t\t\t<\/span>\n\t\t\t\t\t<time class=\"entry-time\" datetime=\"2026-02-05T11:55:41+01:00\">\n\t\t\t5. februarja, 2026\t\t<\/time>\n\t\t<\/div><\/div><h2 class=\"entry-title\"><a href=\"https:\/\/www.adp.fdv.uni-lj.si\/blog\/2026\/02\/05\/zaupanja-vreden-repozitorij-znak-kakovosti-podatkovne-objave\/\">Zaupanja vreden repozitorij: znak kakovosti podatkovne objave\u00a0<\/a><\/h2>\t\t<div class=\"entry-author\">\n\t\t\t<span class=\"entry-author-by\"> <span class=\"entry-author-name\"><a href=\"https:\/\/www.adp.fdv.uni-lj.si\/blog\/author\/sonjab\/\">sonjab<\/a><\/span><\/span>\t\t<\/div>\n\t\t<\/header>\n\t\t<div class=\"entry-item-excerpt\">\n\t\t\t<p>V okviru uresni\u010devanja na\u010del odprte znanosti potekajo tudi razprave o zaupanja vrednih podatkovnih repozitorijih. Ker\u00a0so\u00a0le-ti\u00a0eden od kriterijev izkazovanja kakovosti podatkovne objave, so razprave vredne pozornosti.\u00a0S kratkim prispevkom \u017eelimo\u00a0v slovenskem prostoru\u00a0osvetliti nekaj izzivov.\u00a0\u00a0\u00a0V Sloveniji sta kot [&hellip;]<\/p>\n\t\t<\/div>\n\t<\/div>\n<\/article>\n\n<\/div><\/div><\/div><\/div>\n<\/div>\n<\/div>\n<\/div>\n\n\n\n<p><\/p>\n","protected":false},"excerpt":{"rendered":"","protected":false},"author":1,"featured_media":0,"parent":0,"menu_order":0,"comment_status":"closed","ping_status":"open","template":"","meta":{"_monsterinsights_skip_tracking":false,"_monsterinsights_sitenote_active":false,"_monsterinsights_sitenote_note":"","_monsterinsights_sitenote_category":0,"footnotes":""},"class_list":["post-6993","page","type-page","status-publish","hentry"],"aioseo_notices":[],"_links":{"self":[{"href":"https:\/\/www.adp.fdv.uni-lj.si\/blog\/wp-json\/wp\/v2\/pages\/6993","targetHints":{"allow":["GET"]}}],"collection":[{"href":"https:\/\/www.adp.fdv.uni-lj.si\/blog\/wp-json\/wp\/v2\/pages"}],"about":[{"href":"https:\/\/www.adp.fdv.uni-lj.si\/blog\/wp-json\/wp\/v2\/types\/page"}],"author":[{"embeddable":true,"href":"https:\/\/www.adp.fdv.uni-lj.si\/blog\/wp-json\/wp\/v2\/users\/1"}],"replies":[{"embeddable":true,"href":"https:\/\/www.adp.fdv.uni-lj.si\/blog\/wp-json\/wp\/v2\/comments?post=6993"}],"version-history":[{"count":1,"href":"https:\/\/www.adp.fdv.uni-lj.si\/blog\/wp-json\/wp\/v2\/pages\/6993\/revisions"}],"predecessor-version":[{"id":7078,"href":"https:\/\/www.adp.fdv.uni-lj.si\/blog\/wp-json\/wp\/v2\/pages\/6993\/revisions\/7078"}],"wp:attachment":[{"href":"https:\/\/www.adp.fdv.uni-lj.si\/blog\/wp-json\/wp\/v2\/media?parent=6993"}],"curies":[{"name":"wp","href":"https:\/\/api.w.org\/{rel}","templated":true}]}}