{"id":469,"date":"2010-12-16T20:41:04","date_gmt":"2010-12-16T18:41:04","guid":{"rendered":"http:\/\/www.adp.fdv.uni-lj.si\/blog\/"},"modified":"2017-05-17T15:10:58","modified_gmt":"2017-05-17T13:10:58","slug":"o-projektu","status":"publish","type":"page","link":"https:\/\/www.adp.fdv.uni-lj.si\/blog\/projekt-odprti-podatki\/o-projektu\/","title":{"rendered":"O projektu"},"content":{"rendered":"<p>Arhiv dru\u017eboslovnih podatkov (ADP) na Fakulteti za dru\u017ebene vede, Univerza v Ljubljani, v okviru razpisa za CRP v letih 2010-13 po naro\u010dilu Ministrstva za visoko \u0161olstvo, znanost in tehnologijo (MVZT) izvaja projekt \u00bbOdprti podatki &#8211; Priprava akcijskega na\u010drta za vzpostavitev sistema odprtega dostopa do podatkov iz javno financiranih raziskav v Sloveniji\u00ab<\/p>\n<p>Odprt dostop do raziskovalnih podatkov je aktualen zaradi mo\u017enosti, ki jih ponujajo sodobne digitalne tehnologije in omre\u017eja. Kot je navedeno v \u00bbNa\u010delih in usmeritvah <a href=\"http:\/\/www.oecd.org\/dataoecd\/9\/61\/38500813.pdf\" target=\"OECD Principles and Guidelines for Access to Research Data from Public Funding\">OECD<\/a> za dostop do javno financiranih raziskovalnih podatkov\u00ab (v nadaljevanju \u00bbNa\u010dela OECD\u00ab), bolj odprt dostop do podatkov pove\u010duje raznolikost analiz in presoj, spodbuja nova raziskovanja, omogo\u010da preizku\u0161anje novih ali alternativnih hipotez in metod raziskovanja, prou\u010devanje metod zbiranja podatkov in meritev, spodbuja izobra\u017eevanje novih raziskovalcev, omogo\u010da raziskovanje prvotno nepredvidenih tem ter oblikovanje novih podatkovnih serij s kombiniranjem podatkov iz ve\u010d virov.<\/p>\n<p>K izpolnjevanju Na\u010del OECD, ki predstavljajo izhodi\u0161\u010de projekta, se je zavezala tudi Slovenija z nedavno v\u010dlanitvijo v OECD. Odprt dostop do podatkov po Na\u010delih OECD pomeni preglednost nad viri raziskovalnih podatkov, ki so nastali v skladu z uveljavljenimi znanstvenimi merili kakovosti in uporabnosti za nadaljnje analize. Raziskovalne podatke je potrebno urediti in opremiti z vsemi potrebnimi dodatnimi informacijami (metapodatki), ki opredeljujejo avtorske, patentne, metodolo\u0161ke in vsebinske podrobnosti o nastanku podatkovnega vira in mo\u017enostih nadaljnje uporabe. Odstranjene ovire pri dostopu do podatkov bodo torej zagotovile njihovo \u0161ir\u0161o uporabo, s tem pa se bo izbolj\u0161ala znanstvena odli\u010dnost in uporabnost rezultatov<\/p>\n<p>&nbsp;<\/p>\n<p><!-- Projekt Odprti podatki bo analiziral stanje na podro\u010dju hranjenja podatkov, zbranih v okviru javno financiranih raziskav in pripravil predlog akcijskega na\u010drta za njegovo izbolj\u0161anje ter implementacijo mednarodnih standardov. Projekt je financiralo Ministrstvo za visoko \u0161olstvo, znanost in tehnologijo. Cilj projekta je oblikovanje strokovnih podalg za postopno vzpostavitev celovitega sistema odprtega dostopa do digitaliziranih podatkov javno financiranih raziskav v Sloveniji. --><\/p>\n","protected":false},"excerpt":{"rendered":"<p>Arhiv dru\u017eboslovnih podatkov (ADP) na Fakulteti za dru\u017ebene vede, Univerza v Ljubljani, v okviru razpisa za CRP v letih 2010-13 po naro\u010dilu Ministrstva za visoko \u0161olstvo, znanost in tehnologijo (MVZT) izvaja projekt \u00bbOdprti podatki &#8211; [&hellip;]<\/p>\n","protected":false},"author":1,"featured_media":2580,"parent":2319,"menu_order":1,"comment_status":"closed","ping_status":"closed","template":"","meta":{"_monsterinsights_skip_tracking":false,"_monsterinsights_sitenote_active":false,"_monsterinsights_sitenote_note":"","_monsterinsights_sitenote_category":0,"footnotes":""},"class_list":["post-469","page","type-page","status-publish","has-post-thumbnail","hentry"],"aioseo_notices":[],"_links":{"self":[{"href":"https:\/\/www.adp.fdv.uni-lj.si\/blog\/wp-json\/wp\/v2\/pages\/469","targetHints":{"allow":["GET"]}}],"collection":[{"href":"https:\/\/www.adp.fdv.uni-lj.si\/blog\/wp-json\/wp\/v2\/pages"}],"about":[{"href":"https:\/\/www.adp.fdv.uni-lj.si\/blog\/wp-json\/wp\/v2\/types\/page"}],"author":[{"embeddable":true,"href":"https:\/\/www.adp.fdv.uni-lj.si\/blog\/wp-json\/wp\/v2\/users\/1"}],"replies":[{"embeddable":true,"href":"https:\/\/www.adp.fdv.uni-lj.si\/blog\/wp-json\/wp\/v2\/comments?post=469"}],"version-history":[{"count":8,"href":"https:\/\/www.adp.fdv.uni-lj.si\/blog\/wp-json\/wp\/v2\/pages\/469\/revisions"}],"predecessor-version":[{"id":4649,"href":"https:\/\/www.adp.fdv.uni-lj.si\/blog\/wp-json\/wp\/v2\/pages\/469\/revisions\/4649"}],"up":[{"embeddable":true,"href":"https:\/\/www.adp.fdv.uni-lj.si\/blog\/wp-json\/wp\/v2\/pages\/2319"}],"wp:featuredmedia":[{"embeddable":true,"href":"https:\/\/www.adp.fdv.uni-lj.si\/blog\/wp-json\/wp\/v2\/media\/2580"}],"wp:attachment":[{"href":"https:\/\/www.adp.fdv.uni-lj.si\/blog\/wp-json\/wp\/v2\/media?parent=469"}],"curies":[{"name":"wp","href":"https:\/\/api.w.org\/{rel}","templated":true}]}}